at is 3 - -3111420045?
3111420052
In base 3, what is 112 - 2101112212101221?
-2101112212101102
In base 3, what is 102021 + 102211211120?
102212020211
In base 14, what is -259 - -1abc?
1863
In base 2, what is 110110011011101111000 + 10?
110110011011101111010
In base 16, what is 195975 + 5?
19597a
In base 7, what is 203 + 13134232?
13134435
In base 14, what is 5d + 910b?
916a
In base 4, what is 2311210 + 100321032?
103232302
In base 9, what is -2080468 - 1141?
-2081620
In base 9, what is -22141 - 18754?
-42005
In base 3, what is -21111000010000 + 2?
-21111000002221
In base 13, what is 7 - -3c197a?
3c1984
In base 4, what is -1023 + 1021001332?
1021000303
In base 12, what is -154b + -9947?
-b296
In base 8, what is -736606 - -407?
-736177
In base 4, what is 2221 + 2123332222?
2130001103
In base 15, what is -1e + 26a74?
26a55
In base 10, what is -85700 + 11?
-85689
In base 13, what is -3863 + 4129?
596
In base 12, what is 1018122 - b?
1018113
In base 11, what is -3 - -1973065?
1973062
In base 15, what is 600271e - 4?
600271a
In base 7, what is -163066 + 3551?
-156215
In base 10, what is 821 + 3956?
4777
In base 14, what is -9 - 1378173?
-137817c
In base 11, what is -411 - -2199?
1888
In base 3, what is -10220 + -210012202?
-210100122
In base 12, what is -88a85a - 4a?
-88a8a8
In base 11, what is 0 - 2815a2?
-2815a2
In base 11, what is 433 + 18454?
18887
In base 12, what is -299583b + -25?
-2995864
In base 2, what is 110111111000010110110001011 - -100?
110111111000010110110001111
In base 9, what is 47268 + -86?
47172
In base 2, what is -1 - 111001010100011000001?
-111001010100011000010
In base 12, what is -4 - -7485515?
7485511
In base 14, what is 68c - -370c?
3d9a
In base 5, what is 14241323223 - -24?
14241323302
In base 5, what is -322423 - 11014214?
-11342142
In base 16, what is 6ebdff86 + 0?
6ebdff86
In base 10, what is -4 - 30797928?
-30797932
In base 13, what is -1 - -27ab806?
27ab805
In base 6, what is -33 - 25223410?
-25223443
In base 3, what is -112021221 - -1011012?
-111010202
In base 3, what is 11011002110111210 - -12?
11011002110111222
In base 2, what is 10011000110100001000000001 - -10?
10011000110100001000000011
In base 12, what is -5 + -6248185?
-624818a
In base 5, what is 11 - -324331022?
324331033
In base 4, what is 211 + 303112002130?
303112003001
In base 13, what is -51266a5 + -3?
-51266a8
In base 13, what is -49661 + 221?
-49440
In base 13, what is -74 + 174588?
174514
In base 6, what is -4 + 355050004?
355050000
In base 10, what is -10843 + 180?
-10663
In base 13, what is -449a52 + 18?
-449a37
In base 16, what is -3e + -335f6?
-33634
In base 13, what is -b - -2886a4?
288696
In base 2, what is -10101001011 + 10010000101111101?
10001110000110010
In base 2, what is 100111100110010100110011100100 - 1?
100111100110010100110011100011
In base 15, what is 8330 - 1d07?
6528
In base 4, what is 3310 - -10223002003?
10223011313
In base 11, what is 285429 - -32?
285460
In base 16, what is 92b33e + -1?
92b33d
In base 4, what is -20020310 - -2113100?
-11301210
In base 2, what is -10001100111101011 - 1111111100?
-10001110111100111
In base 5, what is 10334 - 434202?
-423313
In base 14, what is -c8d98c + -1?
-c8d98d
In base 2, what is -1101 + -10101111101000000110?
-10101111101000010011
In base 12, what is 35 + -136b540?
-136b507
In base 6, what is 32 + -24442210?
-24442134
In base 14, what is 42979cd - -5?
42979d4
In base 4, what is 11 - 221133232031?
-221133232020
In base 15, what is 223 - 7dc18?
-7d9e5
In base 7, what is -3456 + 340626?
334140
In base 6, what is -231 - -13122323?
13122052
In base 6, what is 2314 + 44433?
51151
In base 14, what is -8112c5 + -2?
-8112c7
In base 6, what is -112 + -23415033?
-23415145
In base 15, what is -2 - -25992d?
25992b
In base 9, what is 30 - 1266750?
-1266720
In base 10, what is -3 - 141294736?
-141294739
In base 12, what is 4bb - 7982?
-7483
In base 9, what is 208 + -145168?
-144860
In base 8, what is 252 - -4626032?
4626304
In base 9, what is -52625 - -5840?
-45675
In base 14, what is 607 + 1217?
1820
In base 14, what is -3 - a02193?
-a02196
In base 11, what is 11a - 41728?
-41609
In base 14, what is 200589 + -164?
200425
In base 14, what is ac0 - 336c?
-268c
In base 14, what is -18a3 - -a629?
8b66
In base 11, what is 3108681 - 14?
3108668
In base 16, what is -ca063 + -22?
-ca085
In base 5, what is 13104344130 + 10?
13104344140
In base 16, what is 9 - dca25b?
-dca252
In base 7, what is 1325446505 + 5?
1325446513
In base 3, what is -12021 - 1001001112?
-1001020210
In base 15, what is 2402 - -5e5?
29e7
In base 7, what is 2 - 6313245012?
-6313245010
In base 6, what is -11315122 + 14533?
-11300145
In base 11, what is -11 - 531599?
-5315aa
In base 9, what is -13428 + -13756?
-27285
In base 4, what is 10 - -1011203201123?
1011203201133
In base 3, what is -10121122100210 - 20?
-10121122101000
In base 9, what is 362387 + -300?
362087
In base 13, what is 29961 + -764?
291ca
In base 10, what is 2923386 + -1?
2923385
In base 9, what is -543 + 236584?
236041
In base 4, what is -10333210221 + 11?
-10333210210
In base 3, what is 112201121220 - -1100222?
112202222212
In base 5, what is 42 + 14140421?
14141013
In base 10, what is 150391 + 748?
151139
In base 9, what is 405873032 - 4?
405873027
In base 14, what is -1b + 279ad?
27992
In base 13, what is -25c731c - 3?
-25c7322
In base 8, what is -247344 + 42?
-247302
In base 2, what is 1100000000 - -11010000010011110?
11010001110011110
In base 13, what is -3 - -1723a82c?
1723a829
In base 15, what is 12 - -88816c?
88817e
In base 4, what is 212030221 - 1330?
212022231
In base 10, what is -1137250 + 2?
-1137248
In base 2, what is 10110001000 - -10001001010001?
10011111011001
In base 8, what is -5 - -537325247?
537325242
In base 8, what is 210235607 + 7?
210235616
In base 14, what is -10 + -32d25a1?
-32d25b1
In base 12, what is -33797433 - 4?
-33797437
In base 16, what is -1cf65a8 + -5?
-1cf65ad
In base 11, what is 4241 - 40aa5?
-37864
In base 15, what is da30 - -75?
daa5
In base 8, what is 27162072 + -7?
27162063
In base 4, what is -11203 - -220013003?
220001200
In base 14, what is -14cc + 120a?
-2c2
In base 13, what is 82a86 - -5?
82a8b
In base 16, what is -f0c7cad + 2?
-f0c7cab
In base 16, what is -f - 48f87?
-48f96
In base 15, what is -51 - -1489a0?
14894e
In base 2, what is 1000010010 + 1010100000100?
1011100010110
In base 6, what is 30342 + -1500?
24442
In base 10, what is 150 + 1023?
1173
In base 16, what is -13f4f05 + 1?
-13f4f04
In base 9, what is 0 - -3475420?
3475420
In base 10, what is -3 - -2184250?
2184247
In base 3, what is 1 + 1001112102120?
1001112102121
In base 15, what is -2c + 22de?
22b2
In base 9, what is 5 + 7253176?
7253182
In base 10, what is 2 + -34076694?
-34076692
In base 9, what is 1322 + 233140?
234462
In base 2, what is 1011 + 11110111100001010111?
11110111100001100010
In base 13, what is -3860aa9 - -6?
-3860aa3
In base 11, what is -1736698 + -4?
-17366a1
In base 3, what is 202210102 + -1022200?
201110202
In base 9, what is 17 + 7478588?
7478616
In base 6, what is 0 - -300500205?
300500205
In base 16, what is -71c8 - 6b42?
-dd0a
In base 11, what is -7071504 + -4?
-7071508
In base 16, what is 850 + 47d6?
5026
In base 15, what is 26d4 + 2e?
2713
In base 15, what is -373 - 3d595?
-3d918
In base 12, what is -2640a9a - 0?
-2640a9a
In base 8, what is 5 - 1271771000?
-1271770773
In base 3, what is 120000022 - -2100002222?
2220010021
In base 13, what is -b200 + -5c5?
-b7c5
In base 4, what is -1000202022103 + -1?
-1000202022110
In base 13, what is -1b + -17c7125?
-17c7143
In base 10, what is 1034 - -1231?
2265
In base 7, what is 213456 + 6?
213465
In base 12, what is -787871 + 1?
-787870
In base 9, what is 8 + 487714?
487723
In base 16, what is 21f0f - -10?
21f1f
In base 16, what is -10f - -9d60?
9c51
In base 14, what is -6d5971 + 28?
-6d5947
In base 7, what is 14 + 2102361144?
2102361161
In base 3, what is 22122020012110 - -100?
22122020012210
In base 14, what is 7c908 + 197?
7caa1
In base 13, what is -14970030 + 4?
-14970029
In base 4, what is 1122333133 + -12220?
1122320313
In base 15, what is -a66561 - 1?
-a66562
In base 15, what is 2 - -c497835?
c497837
In base 2, what is 1000110110011111001111 - 10110?
1000110110011110111001
In base 15, what is aa5